e -19 + 7 = 6*y. Let t be 4/(-6)*-24 - y. Calculate the highest common divisor of a and t.
6
Suppose -5 = -k - 3. Suppose -3*t + 2*t + 5 = z, k*z - 13 = -3*t. Calculate the greatest common factor of 1 and z.
1
Suppose -3*r + 3 = -0*r. Suppose 3*v + 2*o + 28 = 0, -2*v + 6 - 24 = o. Let j be (-4)/v*(-1 + 19). What is the greatest common divisor of r and j?
1
Let q = 8 + -6. Suppose 212 = 5*f + 2*m + 2*m, 0 = q*f - 3*m - 94. Calculate the greatest common factor of f and 308.
44
Let t be 156/6*(-2)/4. Let c(k) = k**2 + 10*k + 3. Let i be c(t). Calculate the greatest common divisor of i and 6.
6
Let o(z) be the second derivative of -z**4/12 + 4*z**3/3 + 10*z. Let l be o(7). Calculate the greatest common divisor of 28 and l.
7
Let g(p) = -p**3 + 8*p**2 + 28*p - 232. Let c be g(6). Calculate the greatest common factor of 328 and c.
8
Let y(w) = w**3 - 8*w**2 - 34*w + 47. Let m be y(11). Calculate the highest common divisor of 1044 and m.
36
Let x = 0 + 3. Let c = 2 - 4. Let v be (6/18)/(c/(-18)). What is the highest common factor of x and v?
3
Let x = 753 - 605. What is the greatest common factor of 259 and x?
37
Let r(v) = 8*v - 9*v**2 + 0*v + v**3 + 11 - 12 + 7. Let j = -11 + 19. Let f be r(j). What is the greatest common factor of f and 66?
6
Suppose g = 5 + 5. Suppose -y - 16 = -5*y. Let h(z) = 2*z**3 - 3*z**2 + 2*z + 2. Let w be h(y). What is the greatest common divisor of w and g?
10
Let w be 40/(-10)*(0 + 3/12). Let r be 33/3 + (-7)/w + -3. Calculate the highest common divisor of r and 15.
15
Suppose -3*y + 23 = 8. Suppose 27 = 4*v - y. Let q = 219 - 217. Calculate the greatest common divisor of v and q.
2
Suppose 4*l - 6272 = -2*h, -5*l + 26*h - 22*h + 7840 = 0. Calculate the highest common divisor of l and 32.
32
Let f be (-252)/52 - (-2)/(-13). Let a be 10/25 - (-422)/f. Let x = a - -172. Calculate the highest common divisor of 11 and x.
11
Suppose -3*m - 2*t = -16, -5*m = t + 17 - 53. Suppose 0 = -4*p - 0*p + 96. Calculate the highest common factor of p and m.
8
Suppose 3*y = 7*d - 3*d + 72, 5*y - 109 = 3*d. Suppose -y = 82*q - 84*q. Calculate the highest common divisor of q and 4.
2
Let n be ((-45)/(-4))/(-9)*-4. Let h(x) = 2*x - 9. Let d be h(n). Let k be (-150)/(-39) - (-4)/26. What is the highest common divisor of d and k?
1
Suppose -24 = i - 5*i - 5*x, 3*x = 4*i + 8. Suppose -i + 37 = 6*a. Suppose -4*c + a = u - 13, 4*c = 4*u + 44. What is the highest common divisor of c and 4?
2
Let b(g) = -g**3 + 4*g**2 + 8*g - 12. Let v be b(5). Suppose 57 + v = 4*l. Calculate the highest common divisor of 45 and l.
15
Let h = 20 - 26. Let k(r) = -2*r**2 - 15*r - 11. Let z be k(h). What is the greatest common factor of 35 and z?
7
Suppose 4 = -c, -3*p - 4*c + 11 = -24. Suppose -p*k + 2*k = -330. Let r be (165/(-20))/(1/(-4)). What is the highest common divisor of r and k?
11
Suppose 0 = 2*r + 3037 - 3175. Calculate the greatest common divisor of r and 621.
69
Let l(g) = 493*g**2 - 4*g - 3. Let q be l(-1). Suppose -4*i + 5*n = -q, -2*i - i = 5*n - 353. What is the highest common factor of i and 11?
11
Let q(x) = x**2 - x. Let g be q(-4). Let h(k) = -31*k - 517. Let v be h(-17). What is the highest common factor of g and v?
10
Let t(c) = c**3 - 20*c**2 + 7. Let n be t(20). Let w(r) = r**3 - 8*r**2 + 15*r + 14. Let s be w(n). What is the greatest common factor of 20 and s?
10
Let t = 236 - 110. What is the highest common divisor of t and 54?
18
Suppose -4*h - h + 10 = 4*m, -h = 4*m - 18. Suppose -m = -4*j + 11. Suppose j = -i + 16. Calculate the greatest common factor of i and 132.
12
Let i(c) = -3*c - 13. Let n be i(9). Let d = 56 + n. Calculate the greatest common factor of 2 and d.
2
Let g be (80/(-120))/(4/(-1566)). What is the highest common factor of 29 and g?
29
Let i(c) = -c**3 - 37*c**2 + 76*c - 46. Let h be i(-39). What is the highest common factor of 6 and h?
2
Suppose -334 = -5*p - 4*m, 6*p - p + 5*m = 330. Suppose -z - p = -8*z. Calculate the highest common divisor of 30 and z.
10
Let n(b) = -5*b - 4. Let t = -3 - -7. Suppose 4*z = -5*l - 0*l - 21, z = t*l. Let g be n(z). What is the greatest common divisor of 80 and g?
16
Let s(u) = -u**2 - 20*u - 41. Let l be s(-18). Let x be 2 - -249 - (3 + l). Calculate the highest common divisor of x and 23.
23
Suppose -2*d = k - 50, 29*d + 26 = 30*d + k. What is the greatest common divisor of 444 and d?
12
Let s be (0 - 1)*(-3 - 0). Suppose -2*r + 4 = f + 3*r, 2*f - 56 = 2*r. What is the greatest common divisor of s and f?
3
Suppose 0 = -42*i + 1663 + 1361. Let h = -5 - -14. Calculate the greatest common factor of h and i.
9
Let i be 2/16 - 7*(-6773)/104. What is the highest common factor of i and 38?
38
Suppose -5*y + 32 + 193 = 0. Suppose -3*q - 4*z - 71 = 0, -2*z = -4 + 8. Let n = y + q. What is the greatest common divisor of 216 and n?
24
Suppose -3355*j = -3353*j - 3358. Calculate the highest common factor of 73 and j.
73
Let i(f) = 4*f. Let c be i(3). Suppose -3*p + 238 = 2*d, d = -2*d + 15. Suppose 2*l - p = -m, -14 = -5*m + 6. What is the highest common divisor of c and l?
12
Let a(h) = -h**2 - 16*h - 57. Suppose 3*o + 13 + 8 = 0. Let y be a(o). Calculate the greatest common factor of y and 114.
6
Let a = -262 - -466. Calculate the highest common factor of a and 24.
12
Let f be (3/(-9))/(3/(-198)). Let r = 95 + f. Let u be 2 - 1 - (-6 + -6). What is the highest common divisor of u and r?
13
Suppose 251 - 51 = 8*o. What is the highest common divisor of 1 and o?
1
Suppose 3*g + 48 = -27. Let i be (-4)/10 - (-765)/g. Let w = 46 + i. What is the greatest common divisor of 15 and w?
15
Let c(d) = 3*d**3 + 3*d**2 - 2*d + 3. Suppose 0 = -z + 4*u + 18, 4*z + 2*u - 3*u - 12 = 0. Let i be c(z). Calculate the highest common factor of i and 5.
5
Let z be (-82)/(-26) + -3 + 7636/52. Calculate the highest common factor of z and 392.
49
Suppose -10*l = -15*l + 1445. Suppose -m + 599 = 3*o - 288, 2*m = -o + l. Let v be 25 + -1 + 9/3. What is the highest common divisor of v and o?
27
Let b = 6 + -3. Suppose 8*q + b*q = 22. What is the greatest common factor of 3 and q?
1
Suppose 5*s - 2992 + 2812 = 0. What is the greatest common divisor of 3 and s?
3
Suppose 8 = 44*f - 40*f, 5*d - 571 = 2*f. Calculate the highest common divisor of d and 2185.
115
Suppose -10*p - 75 = -15*p. Let i(q) = -2*q + 1. Let v be i(-7). What is the greatest common divisor of v and p?
15
Let l = 272 + -225. What is the greatest common factor of 611 and l?
47
Suppose -6*r = -2*r + 3*g - 1030, 0 = -g + 2. What is the highest common factor of r and 8?
8
Suppose 3*z - 80 = -z. Let k(y) = 7*y**2 - 21*y + 44. Let o be k(2). What is the greatest common divisor of o and z?
10
Suppose -f - 105 = 37. Let s = -130 - f. Calculate the highest common factor of s and 4.
4
Let k = 24 + 8. Suppose 3*j = k + 7. Calculate the highest common factor of j and 208.
13
Suppose -g = -3*l + 511, -677 = 4*l - 8*l - 3*g. Suppose 8*p + 6*p - 952 = 0. Calculate the highest common divisor of p and l.
34
Let x(u) = 24*u**2 + 13*u + 14. Let h be x(-1). What is the highest common factor of h and 125?
25
Suppose -8 = 2*c, -4*c + 15 = -3*k + 82. What is the highest common divisor of k and 289?
17
Let p = 30 + -30. Suppose p = -s - 30 + 42. Calculate the greatest common divisor of 30 and s.
6
Suppose 8*j - 12*j = -64. Let q(t) = -3*t + 9. Let s be q(-13). Calculate the greatest common factor of j and s.
16
Suppose 371 + 125 = 2*s. Let w = -8 + s. What is the greatest common divisor of 15 and w?
15
Suppose 0 = -15*p - 262 + 1942. Let x = p + -88. Suppose -2*h - 3*m + 435 = 0, -1075 = -4*h - h + 5*m. Calculate the greatest common divisor of x and h.
24
Suppose -2*v - g + 162 - 74 = 0, 0 = -2*v + 4*g + 98. What is the highest common factor of v and 63?
9
Suppose -3*z + 5*j + 137 = 0, 0*z + 2*j = -z + 31. Calculate the greatest common factor of 507 and z.
39
Let j be (-114)/(-15) - 6/10. Let w(l) = l + 0*l - 1 + 0*l. Let i be w(j). What is the highest common factor of 6 and i?
6
Let r be (-43)/(-9) - 26/(-117). Suppose -16 + r = -j. Calculate the highest common divisor of j and 99.
11
Let s = -1055 + 1132. Calculate the greatest common divisor of s and 3619.
77
Let j = -408 - -416. What is the highest common divisor of j and 376?
8
Let k = 14 - -31. Suppose 0 = 3*v - d -